11 (base 10) to base 13.
-b
What is -4 (base 9) in base 11?
-4
55 (base 15) to base 2
1010000
Convert -110 (base 2) to base 9.
-6
What is -152 (base 6) in base 13?
-53
Convert -5 (base 9) to base 4.
-11
0 (base 8) to base 5
0
What is -103 (base 5) in base 12?
-24
Convert -352 (base 6) to base 2.
-10001100
What is 132 (base 5) in base 2?
101010
-3 (base 9) to base 4
-3
What is 41 (base 13) in base 3?
1222
Convert 1 (base 3) to base 8.
1
What is 3 (base 6) in base 4?
3
What is 129 (base 10) in base 7?
243
Convert -10101010 (base 2) to base 9.
-208
What is 1210 (base 4) in base 7?
202
-4 (base 12) to base 3
-11
-43 (base 15) to base 4
-333
Convert -8 (base 12) to base 14.
-8
Convert 31 (base 11) to base 9.
37
What is 0 (base 16) in base 7?
0
Convert -11 (base 6) to base 14.
-7
What is -234 (base 9) in base 5?
-1233
What is 133 (base 6) in base 14?
41
-10 (base 2) to base 6
-2
Convert 2 (base 12) to base 16.
2
What is 4 (base 5) in base 13?
4
What is 4 (base 8) in base 11?
4
Convert -1430 (base 5) to base 11.
-1a9
-3 (base 7) to base 5
-3
What is -4 (base 8) in base 6?
-4
2 (base 6) to base 15
2
100111 (base 2) to base 15
29
What is -2 (base 13) in base 9?
-2
Convert -100 (base 2) to base 12.
-4
What is -13 (base 8) in base 10?
-11
Convert 212 (base 4) to base 13.
2c
Convert 5 (base 12) to base 7.
5
Convert -36 (base 10) to base 3.
-1100
Convert 24 (base 6) to base 3.
121
Convert -3 (base 10) to base 6.
-3
Convert -1c (base 16) to base 7.
-40
Convert 3 (base 12) to base 4.
3
Convert c6 (base 16) to base 6.
530
Convert 3 (base 12) to base 7.
3
Convert 102020 (base 3) to base 2.
100101111
-54 (base 12) to base 15
-44
b (base 15) to base 6
15
Convert 44 (base 8) to base 15.
26
-2 (base 11) to base 6
-2
8 (base 16) to base 12
8
What is -1 (base 10) in base 3?
-1
What is 34 (base 5) in base 2?
10011
Convert -2 (base 11) to base 14.
-2
What is 2 (base 7) in base 6?
2
-3 (base 5) to base 6
-3
What is -222 (base 3) in base 13?
-20
-2120 (base 3) to base 6
-153
Convert 28 (base 9) to base 4.
122
3 (base 10) to base 12
3
What is 10 (base 4) in base 12?
4
Convert -1322 (base 4) to base 13.
-95
Convert 16 (base 16) to base 7.
31
-12 (base 3) to base 11
-5
10 (base 12) to base 3
110
Convert 8 (base 15) to base 8.
10
2 (base 13) to base 11
2
110 (base 4) to base 16
14
What is 1 (base 6) in base 11?
1
Convert -39 (base 14) to base 12.
-43
What is 3101 (base 4) in base 16?
d1
Convert 0 (base 12) to base 13.
0
Convert -1 (base 14) to base 3.
-1
What is 0 (base 14) in base 5?
0
Convert -b (base 13) to base 3.
-102
What is -3 (base 7) in base 8?
-3
5 (base 9) to base 7
5
-33 (base 6) to base 13
-18
-2 (base 8) to base 10
-2
Convert -1d (base 15) to base 4.
-130
12 (base 15) to base 16
11
41 (base 6) to base 16
19
Convert -6a (base 14) to base 3.
-10111
What is -2 (base 8) in base 9?
-2
-3 (base 4) to base 12
-3
Convert -203 (base 11) to base 2.
-11110101
What is -3 (base 4) in base 9?
-3
Convert -10012 (base 3) to base 15.
-5b
4 (base 7) to base 6
4
Convert -45 (base 9) to base 3.
-1112
11010110 (base 2) to base 14
114
What is 2 (base 6) in base 4?
2
What is -10 (base 3) in base 5?
-3
-2a (base 13) to base 14
-28
3 (base 16) to base 13
3
What is -11111011 (base 2) in base 10?
-251
Convert -10 (base 4) to base 9.
-4
Convert -2 (base 12) to base 4.
-2
-110 (base 2) to base 7
-6
What is 436 (base 7) in base 11?
193
Convert 80 (base 12) to base 13.
75
Convert -102 (base 4) to base 13.
-15
21 (base 6) to base 7
16
-4 (base 16) to base 2
-100
284 (base 11) to base 4
11032
Convert 55 (base 7) to base 16.
28
What is 3 (base 12) in base 4?
3
2 (base 16) to base 12
2
What is -50 (base 9) in base 5?
-140
What is -55 (base 15) in base 10?
-80
What is 34 (base 14) in base 2?
101110
What is -11 (base 3) in base 7?
-4
What is 3 (base 8) in base 13?
3
535 (base 6) to base 7
410
-302 (base 5) to base 16
-4d
What is 49 (base 15) in base 3?
2120
What is -24 (base 5) in base 2?
-1110
What is 0 (base 3) in base 15?
0
1c (base 16) to base 4
130
204 (base 7) to base 16
66
Convert 59 (base 11) to base 5.
224
206 (base 7) to base 9
125
1 (base 4) to base 13
1
-6 (base 11) to base 3
-20
What is 100000 (base 2) in base 16?
20
Convert -2 (base 3) to base 12.
-2
-21 (base 7) to base 13
-12
Convert -3 (base 13) to base 10.
-3
What is -77 (base 16) in base 8?
-167
Convert 9 (base 13) to base 2.
1001
Convert 1101101 (base 2) to base 14.
7b
Convert -11110 (base 2) to base 11.
-28
124 (base 5) to base 6
103
253 (base 6) to base 4
1221
-6 (base 10) to base 8
-6
-9a (base 14) to base 6
-344
-a (base 16) to base 5
-20
What is -13 (base 10) in base 12?
-11
What is 18 (base 16) in base 5?
44
Convert 207 (base 8) to base 16.
87
What is -7 (base 12) in base 9?
-7
Convert -144 (base 6) to base 8.
-100
What is 168 (base 11) in base 2?
11000011
Convert 141 (base 12) to base 3.
21011
10 (base 7) to base 10
7
What is -10 (base 8) in base 7?
-11
Convert 5 (base 16) to base 14.
5
What is -212 (base 6) in base 12?
-68
Convert 7 (base 8) to base 11.
7
Convert -13 (base 4) to base 12.
-7
16 (base 9) to base 3
120
-141 (base 8) to base 2
-1100001
Convert 0 (base 12) to base 16.
0
What is -1000 (base 2) in base 12?
-8
Convert 3 (base 13) to base 7.
3
What is -124 (base 14) in base 16?
-e4
Convert 1110111 (base 2) to base 9.
142
Convert -3b (base 12) to base 14.
-35
-2 (base 15) to base 9
-2
-2b (base 12) to base 10
-35
Convert -56 (base 10) to base 14.
-40
What is 9 (base 15) in base 4?
21
Convert 2 (base 3) to base 5.
2
What is -10 (base 4) in base 2?
-100
Convert -1 (base 8) to base 4.
-1
-17 (base 8) to base 14
-11
Convert -3 (base 11) to base 14.
-3
1 (base 7) to base 13
1
6b (base 15) to base 5
401
91 (base 14) to base 2
1111111
Convert 13 (base 4) to base 10.
7
What is 30 (base 5) in base 11?
14
17 (base 13) to base 7
26
-5 (base 16) to base 3
-12
Convert 211 (base 4) to base 5.
122
What is -11 (base 13) in base 2?
-1110
What is 1 (base 11) in base 10?
1
Convert -2 (base 16) to base 12.
-2
Convert 311 (base 7) to base 11.
131
Convert -100110 (base 2) to base 8.
-46
430 (base 5) to base 12
97
What is -a6 (base 14) in base 10?
-146
Convert 8 (base 10) to base 11.
8
What is 1011001 (base 2) in base 6?
225
What is 11100 (base 2) in base 13?
22
Convert -25 (base 9) to base 10.
-23
a1 (base 11) to base 9
133
What is 10 (base 9) in base 13?
9
Convert 39 (base 14) to base 15.
36
Convert -1 (base 3) to base 2.
-1
Convert -18 (base 13) to base 9.
-23
Convert -2 (base 3) to base 13.
-2
What is -125 (base 6) in base 2?
-110101
Convert -1010010 (base 2) to base 6.
-214
Convert -10 (base 4) to base 6.
-4
-2 (base 6) to base 10
-2
Convert 1 (base 15) to base 13.
1
What is -45 (base 9) in base 4?
-221
What is 31 (base 12) in base 16?
25
What is -32 (base 13) in base 11?
-38
31 (base 5) to base 11
15
What is -40 (base 12) in base 7?
-66
-31 (base 9) to base 6
-44
Convert -1 (base 9) to base 7.
-1
2 (base 8) to base 9
2
-45 (base 6) to base 5
-104
What is -6 (base 13) in base 14?
-6
What is 1431 (base 5) in base 16?
f1
Convert 1010111 (base 2) to base 10.
87
5 (base 15) to base 13
5
-240 (base 5) to base 7
-130
8d (base 14) to base 7
236
-10 (base 7) to base 6
-11
What is 11 (base 5) in base 11?
6
47 (base 8) to base 5
124
2 (base 14) to base 16
2
What is 10111000 (base 2) in base 15?
c4
Convert -111 (base 5) to base 13.
-25
111110 (base 2) to base 15
42
81 (base 10) to base 11
74
20 (base 6) to base 7
15
What is -10 (base 8) in base 5?
-13
Convert 3 (base 7) to base 14.
3
17a (base 12) to base 14
130
3 (base 4) to base 7
3
Convert -10 (base 7) to base 4.
-13
-11 (base 4) to base 13
-5
What is -122 (base 3) in base 5?
-32
-2 (base 13) to base 5
-2
What is -13 (base 10) in base 13?
-10
1 (base 10) to base 8
1
-14 (base 8) to base 4
-30
Convert 7 (base 11) to base 6.
11
0 (base 12) to base 11
0
Convert -11 (base 4) to base 11.
-5
Convert -1 (base 9) to base 10.
-1
Convert -7 (base 12) to base 6.
-11
Convert -123 (base 4) to base 9.
-30
What is -5 (base 15) in base 4?
-11
Convert -17 (base 10) to base 6.
-25
Convert 15 (base 16) to base 8.
25
What is -15 (base 7) in base 14?
-c
Convert -110 (base 2) to base 9.
-6
Convert 0 (base 16) to base 11.
0
-10011010 (base 2) to base 14
-b0
1 (base 9) to base 15
1
Convert 4 (base 12) to b